644335?
-1644332
In base 7, what is 1234630340 - 4?
1234630333
In base 5, what is 4214411 - 20122?
4144234
In base 2, what is 1010110001101111101 - 101000101?
1010110001000111000
In base 8, what is -210206 - -64?
-210122
In base 5, what is 1213011 - -2100?
1220111
In base 6, what is 0 + -2314504033?
-2314504033
In base 14, what is 15 + -1cb4c?
-1cb37
In base 2, what is 11 + -1110111100111100101001?
-1110111100111100100110
In base 10, what is -731 - -720676?
719945
In base 14, what is -4 - -a37537?
a37533
In base 8, what is 73 - -1012563?
1012656
In base 10, what is -96161593 + -4?
-96161597
In base 5, what is 33 - 101431340412?
-101431340324
In base 9, what is -14 - 48156681?
-48156705
In base 16, what is -16 + 45f75?
45f5f
In base 3, what is 1121222 + -122011?
222211
In base 12, what is -424 - -8937b?
88b57
In base 2, what is -101110010 + 11000000000110?
10111010010100
In base 8, what is 1 - 1000737?
-1000736
In base 4, what is 1011 - -210230330?
210232001
In base 5, what is 24442230 - 1120?
24441110
In base 4, what is -22120 - 331300031?
-331322211
In base 13, what is -2b + -6c7a1b7?
-6c7a215
In base 6, what is -330212212 - -3?
-330212205
In base 8, what is 5560 + 211132?
216712
In base 11, what is -57 + 5a2021?
5a1a75
In base 14, what is -d71 - 95365?
-962d6
In base 9, what is 0 + 372161?
372161
In base 3, what is 1210 + 100100110112121?
100100110121101
In base 13, what is -4 - -1033252?
103324b
In base 16, what is -6e2e7 + -329?
-6e610
In base 3, what is 2200 + -2221121111?
-2221111211
In base 3, what is 22 - -10221121200100?
10221121200122
In base 13, what is 8c12 - c8?
8b17
In base 15, what is -6bd0d2 - -e?
-6bd0c3
In base 14, what is ba - -14962?
14a3c
In base 9, what is -715676017 + 4?
-715676013
In base 7, what is -44012640433 + 1?
-44012640432
In base 5, what is 3 - -1431010330?
1431010333
In base 3, what is -122122101120201211 - 12?
-122122101120202000
In base 10, what is 20 - 2589920?
-2589900
In base 4, what is -21112 + 321233?
300121
In base 14, what is -2 + 3ab0ba?
3ab0b8
In base 14, what is 3bd5 - a2c?
31a7
In base 4, what is -11030 + -330122213?
-330133303
In base 4, what is -310 - 30333012221?
-30333013131
In base 15, what is 6 - -182d6e?
182d75
In base 4, what is 12100102302330 - -10?
12100102303000
In base 3, what is 2002 + -100100211122221?
-100100211120212
In base 3, what is 112020021022 - 112?
112020020210
In base 10, what is -46 - -702170?
702124
In base 7, what is 21260522435 - 1?
21260522434
In base 5, what is 244 + 1222400243?
1222401042
In base 2, what is 11001110 - 100010101000?
-11111011010
In base 12, what is -30a + 8061?
7953
In base 9, what is -71568836 + 3?
-71568833
In base 6, what is 4502015 - 12155?
4445420
In base 7, what is -26 + -12432555?
-12432614
In base 2, what is -100000011100110 - -1000011100110000?
100011001001010
In base 15, what is 6e - -6451?
64c0
In base 6, what is -3 + -200335402?
-200335405
In base 5, what is -22411 + 332130?
304214
In base 7, what is -5 + 614265211?
614265203
In base 11, what is 142401a + -83?
1423a47
In base 13, what is -4 + -57c96?
-57c9a
In base 13, what is -14 - -12bb03?
12babc
In base 5, what is 214411032232 + -2?
214411032230
In base 2, what is 100110111 - 110001110100?
-101100111101
In base 8, what is 1 + 22703632?
22703633
In base 10, what is 36846 + -440?
36406
In base 16, what is -8a - 32ee?
-3378
In base 11, what is -118471 - 8a0?
-119261
In base 14, what is 3560 - -362?
38c2
In base 5, what is -142214201044 - 0?
-142214201044
In base 11, what is -1972949 + -5?
-1972953
In base 4, what is -12001323300123 + -11?
-12001323300200
In base 6, what is 4 - -1255532143?
1255532151
In base 4, what is 2 - -131113131002?
131113131010
In base 12, what is -2 - 10225795?
-10225797
In base 3, what is 10110202 + 1111110200?
1121221102
In base 6, what is -214234 - 112005?
-330243
In base 6, what is -1531 + 15203033?
15201102
In base 6, what is 3115 + -1434054?
-1430535
In base 6, what is -151320302 - -3?
-151320255
In base 11, what is 4667 + 30?
4697
In base 10, what is -1 - 1298507?
-1298508
In base 7, what is -6 + 415205610?
415205601
In base 3, what is -10111020121 - 11201?
-10111102022
In base 3, what is -202111010211 - 221?
-202111011202
In base 8, what is 154571 + 16647?
173440
In base 6, what is -1544 + 1514022?
1512034
In base 11, what is 2156962 - 98?
2156875
In base 7, what is -60 - 56012044?
-56012134
In base 15, what is 2024 + -da04?
-b9d0
In base 5, what is -10002300134 - 10?
-10002300144
In base 6, what is -2003432 - -333?
-2003055
In base 15, what is -2c05 - e35?
-3b3a
In base 9, what is -88850 + 6?
-88843
In base 6, what is -2214534515 - -1?
-2214534514
In base 7, what is -11 + -6264036?
-6264050
In base 10, what is 12 - -15177970?
15177982
In base 16, what is 598e + 33?
59c1
In base 5, what is 42320 + 11221?
104041
In base 9, what is 100 + 151080?
151180
In base 14, what is 97 + -1c2ba2?
-1c2b09
In base 5, what is -3 - -111230344343?
111230344340
In base 10, what is 79310 - 782?
78528
In base 5, what is -3441340302110 + -4?
-3441340302114
In base 9, what is 272761 - -55?
272826
In base 6, what is 0 - 3315444311?
-3315444311
In base 16, what is -34c - 1079d?
-10ae9
In base 12, what is -10477 + -4b9?
-10974
In base 4, what is -101203 + 101201301?
101100032
In base 10, what is 176 + -45388?
-45212
In base 12, what is 3084746 + 5?
308474b
In base 8, what is 1340576 + -10?
1340566
In base 7, what is -5162522 - -5?
-5162514
In base 13, what is -46cc66c - 0?
-46cc66c
In base 7, what is -2313 + -150644?
-153260
In base 12, what is -5 + 4bb91a?
4bb915
In base 11, what is 99a - -563a97?
564986
In base 6, what is 10 + 144505440?
144505450
In base 12, what is 74278ab - 2?
74278a9
In base 9, what is 18160 - 622?
17437
In base 9, what is 15073 - -22?
15105
In base 12, what is -14 + 92b6a?
92b56
In base 2, what is -101 - -10100011110110101111100101?
10100011110110101111100000
In base 13, what is 702 + -46c2?
-3cc0
In base 7, what is -533 + 220213?
216350
In base 4, what is 201002 + 10113303?
10320311
In base 2, what is 101100011001 + -1010000011110101?
-1001010111011100
In base 11, what is 3 + -70562a3?
-70562a0
In base 16, what is 375629 - 60?
3755c9
In base 6, what is 4 + -3352023215?
-3352023211
In base 5, what is 11021430 + 144?
11022124
In base 4, what is -30300031 - -1100?
-30232331
In base 2, what is 10010110001011 + -1000010101?
10001101110110
In base 2, what is -1011000000100100 - 10011001?
-1011000010111101
In base 5, what is 3 + -342430131?
-342430123
In base 12, what is 120808765 + 5?
12080876a
In base 14, what is -6 + -8daca6?
-8dacac
In base 16, what is f4de + -c80?
e85e
In base 10, what is -8 - 1044371?
-1044379
In base 16, what is -1648e9 - -103?
-1647e6
In base 15, what is 370 - 1c79?
-1909
In base 9, what is -3 - -21245834?
21245831
In base 13, what is 34 - 191a0a?
-1919a6
In base 4, what is 12330300302121 - -30?
12330300302211
In base 12, what is -2408 - 815?
-3021
In base 14, what is 2b - 37dc8?
-37d9b
In base 11, what is -56316 - -3a5?
-55a21
In base 14, what is -7d2ba - 0?
-7d2ba
In base 5, what is -1 - 34321341004?
-34321341010
In base 6, what is -1412043 - -35140?
-1332503
In base 3, what is 1111210 - 20102001022?
-20100112112
In base 7, what is 3256252 - -4561?
3264143
In base 15, what is 37ec60 - -3?
37ec63
In base 12, what is -196 + a3824?
a364a
In base 10, what is -217053724 + 4?
-217053720
In base 15, what is a526e - 16e?
a5100
In base 2, what is -110101011110 + 1111000000?
-100110011110
In base 2, what is -11000010011110011 - -11000111101?
-10111111010110110
In base 2, what is -1001111010100001010 + 101100?
-1001111010011011110
In base 10, what is -441123 + -12?
-441135
In base 16, what is 6d3 - -450d?
4be0
In base 10, what is 2492 + -4672?
-2180
In base 4, what is -322031 - -222?
-321203
In base 4, what is -333100120 - -2122?
-333031332
In base 13, what is 1a - -21987a?
219897
In base 12, what is -717ab5 - 42?
-717b37
In base 4, what is 12 - 11320131121?
-11320131103
In base 2, what is -1111101011110101000001 + 101?
-1111101011110100111100
In base 11, what is -23077a9 - 10?
-2307809
In base 2, what is 1110100110110110111 - 100?
1110100110110110011
In base 13, what is -100057 + -58?
-1000b2
In base 2, what is -1100011111011101000010100 - 100?
